{"id":469,"date":"2021-10-08T17:41:16","date_gmt":"2021-10-08T15:41:16","guid":{"rendered":"https:\/\/ateliermellony.com\/?post_type=product&#038;p=469"},"modified":"2022-12-14T15:47:37","modified_gmt":"2022-12-14T14:47:37","slug":"bougie-musc-blanc","status":"publish","type":"product","link":"https:\/\/ateliermellony.com\/index.php\/produit\/bougie-musc-blanc\/","title":{"rendered":"Bougie Musc Blanc"},"content":{"rendered":"<p>Bougie 80g, 180g ou 200g parfum\u00e9e, Musc Blanc.<\/p>\n<p>100% Cire de Colza.<\/p>\n<p>10% de parfum.<\/p>\n<p>Fabrication artisanale.<\/p>\n<p>&nbsp;<\/p>\n<p>Type de senteur: Masculine<\/p>\n<p>Notes de T\u00eate: Musc blanc, ylang, anis<\/p>\n<p>Notes de C\u0153ur: Musc blanc, orchid\u00e9e, vanille<\/p>\n<p>Notes de Fond: Musc blanc, mousse<\/p>\n<p>&nbsp;<\/p>\n<p>Vous pouvez choisir de garder votre bougie en d\u00e9coration, et si vous l&rsquo;allumez, je recommande de la mettre dans une coupelle.<\/p>\n<p>&nbsp;<\/p>\n","protected":false},"excerpt":{"rendered":"<p>Bougie 180g parfum\u00e9e Musc Blanc et sa m\u00e8che en bois !<\/p>\n<p>Pour parfumer votre int\u00e9rieur d\u2019une d\u00e9licate odeur suave.<\/p>\n<p>Cette bougie a une odeur un peu plus animale que la Bois de Santal.<\/p>\n<p>Elle a un c\u00f4t\u00e9 addictif qui \u00e9veil la curiosit\u00e9 de par son originalit\u00e9 et apporte du r\u00e9confort.<\/p>\n<p>&nbsp;<\/p>\n<p>D\u00e9lais de Fabrication 2 \u00e0 5 jours<\/p>\n<p>&nbsp;<\/p>\n<p>&nbsp;<\/p>\n<p>&nbsp;<\/p>\n","protected":false},"featured_media":473,"comment_status":"open","ping_status":"closed","template":"","meta":[],"product_brand":[],"product_cat":[49,33],"product_tag":[],"class_list":{"0":"post-469","1":"product","2":"type-product","3":"status-publish","4":"has-post-thumbnail","6":"product_cat-bougies","7":"product_cat-bougies-senteurs-fondants","9":"first","10":"instock","11":"shipping-taxable","12":"purchasable","13":"product-type-variable"},"jetpack_sharing_enabled":true,"_links":{"self":[{"href":"https:\/\/ateliermellony.com\/index.php\/wp-json\/wp\/v2\/product\/469","targetHints":{"allow":["GET"]}}],"collection":[{"href":"https:\/\/ateliermellony.com\/index.php\/wp-json\/wp\/v2\/product"}],"about":[{"href":"https:\/\/ateliermellony.com\/index.php\/wp-json\/wp\/v2\/types\/product"}],"replies":[{"embeddable":true,"href":"https:\/\/ateliermellony.com\/index.php\/wp-json\/wp\/v2\/comments?post=469"}],"wp:featuredmedia":[{"embeddable":true,"href":"https:\/\/ateliermellony.com\/index.php\/wp-json\/wp\/v2\/media\/473"}],"wp:attachment":[{"href":"https:\/\/ateliermellony.com\/index.php\/wp-json\/wp\/v2\/media?parent=469"}],"wp:term":[{"taxonomy":"product_brand","embeddable":true,"href":"https:\/\/ateliermellony.com\/index.php\/wp-json\/wp\/v2\/product_brand?post=469"},{"taxonomy":"product_cat","embeddable":true,"href":"https:\/\/ateliermellony.com\/index.php\/wp-json\/wp\/v2\/product_cat?post=469"},{"taxonomy":"product_tag","embeddable":true,"href":"https:\/\/ateliermellony.com\/index.php\/wp-json\/wp\/v2\/product_tag?post=469"}],"curies":[{"name":"wp","href":"https:\/\/api.w.org\/{rel}","templated":true}]}}