{"id":1447,"date":"2024-05-19T10:29:02","date_gmt":"2024-05-19T08:29:02","guid":{"rendered":"https:\/\/ateliermellony.com\/?post_type=product&#038;p=1447"},"modified":"2024-05-19T10:58:13","modified_gmt":"2024-05-19T08:58:13","slug":"parfum-dinterieur-a-capilla","status":"publish","type":"product","link":"https:\/\/ateliermellony.com\/index.php\/produit\/parfum-dinterieur-a-capilla\/","title":{"rendered":"Parfum d&rsquo;int\u00e9rieur \u00e0 capilla"},"content":{"rendered":"<p>Ce diffuseur de parfum \u00e0 capilla, embaumera votre int\u00e9rieur.<\/p>\n<p>Un doux parfum qui permettra de cr\u00e9er l&rsquo;ambiance que vous souhaitez.. Tiges en bambou et parfum rechargeables.<\/p>\n<p>La contenance du diffuseur est de 150ml.<\/p>\n<p>&nbsp;<\/p>\n<ul>\n<li>Diffuseur parfum\u00e9<\/li>\n<li>Parfum de votre choix<\/li>\n<li>5 b\u00e2tonnets en bambou<\/li>\n<li>Parfum naturel et en provenance de Grasse sans CMR<\/li>\n<li>150 ml<\/li>\n<\/ul>\n<p>&nbsp;<\/p>\n<p>&nbsp;<\/p>\n","protected":false},"excerpt":{"rendered":"<p>Ce diffuseur de parfum \u00e0 capilla, embaumera votre int\u00e9rieur.<\/p>\n<p>Un doux parfum qui permettra de cr\u00e9er l&rsquo;ambiance que vous souhaitez.. Tiges en bambou et parfum rechargeables.<\/p>\n<p>La contenance du diffuseur est de 150ml.<\/p>\n<p>&nbsp;<\/p>\n<ul>\n<li>Diffuseur parfum\u00e9<\/li>\n<li>Parfum de votre choix<\/li>\n<li>5 b\u00e2tonnets en bambou<\/li>\n<li>Parfum naturel et en provenance de Grasse sans CMR<\/li>\n<li>150 ml<\/li>\n<\/ul>\n<p>D\u00e9lais de fabrication 2 \u00e0 5 jours !<\/p>\n","protected":false},"featured_media":1454,"comment_status":"open","ping_status":"closed","template":"","meta":[],"product_brand":[],"product_cat":[33,131,64,129,163],"product_tag":[],"class_list":{"0":"post-1447","1":"product","2":"type-product","3":"status-publish","4":"has-post-thumbnail","6":"product_cat-bougies-senteurs-fondants","7":"product_cat-feerie-de-noel","8":"product_cat-nouveautes","9":"product_cat-parfums-dambiance","10":"product_cat-pret-a-expedier","12":"first","13":"instock","14":"shipping-taxable","15":"purchasable","16":"product-type-composite"},"jetpack_sharing_enabled":true,"_links":{"self":[{"href":"https:\/\/ateliermellony.com\/index.php\/wp-json\/wp\/v2\/product\/1447","targetHints":{"allow":["GET"]}}],"collection":[{"href":"https:\/\/ateliermellony.com\/index.php\/wp-json\/wp\/v2\/product"}],"about":[{"href":"https:\/\/ateliermellony.com\/index.php\/wp-json\/wp\/v2\/types\/product"}],"replies":[{"embeddable":true,"href":"https:\/\/ateliermellony.com\/index.php\/wp-json\/wp\/v2\/comments?post=1447"}],"wp:featuredmedia":[{"embeddable":true,"href":"https:\/\/ateliermellony.com\/index.php\/wp-json\/wp\/v2\/media\/1454"}],"wp:attachment":[{"href":"https:\/\/ateliermellony.com\/index.php\/wp-json\/wp\/v2\/media?parent=1447"}],"wp:term":[{"taxonomy":"product_brand","embeddable":true,"href":"https:\/\/ateliermellony.com\/index.php\/wp-json\/wp\/v2\/product_brand?post=1447"},{"taxonomy":"product_cat","embeddable":true,"href":"https:\/\/ateliermellony.com\/index.php\/wp-json\/wp\/v2\/product_cat?post=1447"},{"taxonomy":"product_tag","embeddable":true,"href":"https:\/\/ateliermellony.com\/index.php\/wp-json\/wp\/v2\/product_tag?post=1447"}],"curies":[{"name":"wp","href":"https:\/\/api.w.org\/{rel}","templated":true}]}}

Parfum d&rsquo;intérieur à capilla

<p>Ce diffuseur de parfum à capilla, embaumera votre intérieur.</p>
<p>Un doux parfum qui permettra de créer l&rsquo;ambiance que vous souhaitez.. Tiges en bambou et parfum rechargeables.</p>
<p>La contenance du diffuseur est de 150ml.</p>
<p>&nbsp;</p>
<ul>
<li>Diffuseur parfumé</li>
<li>Parfum de votre choix</li>
<li>5 bâtonnets en bambou</li>
<li>Parfum naturel et en provenance de Grasse sans CMR</li>
<li>150 ml</li>
</ul>
<p>&nbsp;</p>
<p>&nbsp;</p>

<p>Ce diffuseur de parfum à capilla, embaumera votre intérieur.</p>
<p>Un doux parfum qui permettra de créer l&rsquo;ambiance que vous souhaitez.. Tiges en bambou et parfum rechargeables.</p>
<p>La contenance du diffuseur est de 150ml.</p>
<p>&nbsp;</p>
<ul>
<li>Diffuseur parfumé</li>
<li>Parfum de votre choix</li>
<li>5 bâtonnets en bambou</li>
<li>Parfum naturel et en provenance de Grasse sans CMR</li>
<li>150 ml</li>
</ul>
<p>Délais de fabrication 2 à 5 jours !</p>
