{"id":1407,"date":"2024-02-04T15:59:15","date_gmt":"2024-02-04T14:59:15","guid":{"rendered":"https:\/\/ateliermellony.com\/?post_type=product&#038;p=1407"},"modified":"2024-02-04T22:02:46","modified_gmt":"2024-02-04T21:02:46","slug":"bougie-bois-de-santal-2","status":"publish","type":"product","link":"https:\/\/ateliermellony.com\/index.php\/produit\/bougie-bois-de-santal-2\/","title":{"rendered":"Bougie Bois de Santal"},"content":{"rendered":"<p>Bougie 80g avec contenant, parfum\u00e9e, Bois de Santal et sa m\u00e8che en coton !<\/p>\n<p>90% Cire de Colza europ\u00e9enne sans OGM ni pesticides.<\/p>\n<p>10% de parfum de Grasse.<\/p>\n<p>Fabrication artisanale.<\/p>\n<p>&nbsp;<\/p>\n<p>Type de senteur: Bois\u00e9e<\/p>\n<p>Notes de T\u00eate: Orange, santal, poudr\u00e9e<\/p>\n<p>Notes de C\u0153ur: Santal, rose, jasmin, vanille<\/p>\n<p>Notes de Fond: Santal, f\u00e8ve tonka, vanille, musc<\/p>\n","protected":false},"excerpt":{"rendered":"<p>Bougie 80g avec contenant, parfum\u00e9e, Bois de Santal et sa m\u00e8che en coton !<\/p>\n<p>Pour parfumer votre int\u00e9rieur d\u2019une d\u00e9licate odeur bois\u00e9e.<\/p>\n<p>Cette bougie est parfaite pour cr\u00e9er une ambiance cocooning que ce soit pendant que vous preniez un bain ou lors d\u2019une soir\u00e9e Netflix &amp; Chill.<\/p>\n<p>Bougie pr\u00eate \u00e0 \u00eatre exp\u00e9di\u00e9e<\/p>\n<p>&nbsp;<\/p>\n<p>&nbsp;<\/p>\n<p>&nbsp;<\/p>\n","protected":false},"featured_media":1361,"comment_status":"open","ping_status":"closed","template":"","meta":[],"product_brand":[],"product_cat":[163],"product_tag":[],"class_list":{"0":"post-1407","1":"product","2":"type-product","3":"status-publish","4":"has-post-thumbnail","6":"product_cat-pret-a-expedier","8":"first","9":"instock","10":"shipping-taxable","11":"purchasable","12":"product-type-simple"},"jetpack_sharing_enabled":true,"_links":{"self":[{"href":"https:\/\/ateliermellony.com\/index.php\/wp-json\/wp\/v2\/product\/1407","targetHints":{"allow":["GET"]}}],"collection":[{"href":"https:\/\/ateliermellony.com\/index.php\/wp-json\/wp\/v2\/product"}],"about":[{"href":"https:\/\/ateliermellony.com\/index.php\/wp-json\/wp\/v2\/types\/product"}],"replies":[{"embeddable":true,"href":"https:\/\/ateliermellony.com\/index.php\/wp-json\/wp\/v2\/comments?post=1407"}],"wp:featuredmedia":[{"embeddable":true,"href":"https:\/\/ateliermellony.com\/index.php\/wp-json\/wp\/v2\/media\/1361"}],"wp:attachment":[{"href":"https:\/\/ateliermellony.com\/index.php\/wp-json\/wp\/v2\/media?parent=1407"}],"wp:term":[{"taxonomy":"product_brand","embeddable":true,"href":"https:\/\/ateliermellony.com\/index.php\/wp-json\/wp\/v2\/product_brand?post=1407"},{"taxonomy":"product_cat","embeddable":true,"href":"https:\/\/ateliermellony.com\/index.php\/wp-json\/wp\/v2\/product_cat?post=1407"},{"taxonomy":"product_tag","embeddable":true,"href":"https:\/\/ateliermellony.com\/index.php\/wp-json\/wp\/v2\/product_tag?post=1407"}],"curies":[{"name":"wp","href":"https:\/\/api.w.org\/{rel}","templated":true}]}}