{"id":366,"date":"2021-10-07T10:10:58","date_gmt":"2021-10-07T08:10:58","guid":{"rendered":"https:\/\/ateliermellony.com\/?page_id=366"},"modified":"2021-12-02T17:43:24","modified_gmt":"2021-12-02T16:43:24","slug":"cgv","status":"publish","type":"page","link":"https:\/\/ateliermellony.com\/index.php\/cgv\/","title":{"rendered":"CGV"},"content":{"rendered":"\n<figure class=\"wp-block-table\"><table><tbody><tr><td>Kathleen ENGEN<br>Atelier Mellony<br>Siret&nbsp;: 81064155500026<br>Si\u00e8ge situ\u00e9 : 13 rue Sainte-Ursule &#8211; 31000 Toulouse \u2013 France M\u00e9tropolitaine<br>E-mail&nbsp;:hello@ateliermellony.com<br>Entreprise non assujettie \u00e0 la TVA<br>D\u00e9claration CNIL N\u00b0 1907030v0<br>Ce site internet a \u00e9t\u00e9 r\u00e9alis\u00e9 en utilisant la solution open-source WordPress.<br>Le site www.ateliermellony.com est h\u00e9berg\u00e9 par la soci\u00e9t\u00e9 OVH<br>Si\u00e8ge social : 2 rue Kellermann \u2013 59100 Roubaix \u2013 France.<br>+33 9 72 10 10 07<\/td><\/tr><\/tbody><\/table><\/figure>\n\n\n\n<p><strong>1. Pr\u00e9ambule<\/strong><\/p>\n\n\n\n<p>Les pr\u00e9sentes conditions g\u00e9n\u00e9rales de ventes (ci-apr\u00e8s \u00ab&nbsp;CGV&nbsp;\u00bb) sont \u00e9tablies entre, d\u2019une part, Kathleen ENGEN \u2013 Atelier Mellony, d\u00e9nomm\u00e9 \u00ab&nbsp;Vendeur&nbsp;\u00bb ci-apr\u00e8s, et d\u2019autre part, le client, d\u00e9nomm\u00e9 \u00ab&nbsp;Client&nbsp;\u00bb ci-apr\u00e8s.<\/p>\n\n\n\n<p>Toute commande pass\u00e9e par le Client vaut pour acceptation totale des pr\u00e9sentes conditions g\u00e9n\u00e9rales de ventes.<\/p>\n\n\n\n<p>Les pr\u00e9sentes conditions peuvent \u00eatre modifi\u00e9es. Dans le cas d\u2019une commande en cours lors de la modification, les conditions valid\u00e9es lors de la passation de commande resteront celles seules appliqu\u00e9es.<\/p>\n\n\n\n<p>Les CGV pr\u00e9valent sur toutes autres conditions figurant sur un autre document, sauf d\u00e9rogation expresse, \u00e9crite et pr\u00e9alable par le Vendeur.<\/p>\n\n\n\n<p>L\u2019annulation d\u2019une condition des CGV n\u2019entra\u00eene aucunement la nullit\u00e9 des autres conditions.<\/p>\n\n\n\n<p><strong>2. Produits<\/strong><\/p>\n\n\n\n<p>Sont d\u00e9nomm\u00e9s \u00ab&nbsp;produits&nbsp;\u00bb tous les articles vendus sur le site&nbsp;<a href=\"https:\/\/www.ateliermellony.com\">www.ateliermellony.com<\/a><br>Les photographies, illustrations et descriptions pr\u00e9sentes sur le site tendent le plus fid\u00e8lement possible vers une repr\u00e9sentation exacte du produit.<\/p>\n\n\n\n<p>Toutefois, des variations peuvent exister entre l\u2019image et la r\u00e9alit\u00e9, pour des raisons diverses et involontaires qui ne peuvent remettre en cause la responsabilit\u00e9 du Vendeur (r\u00e9glages et luminosit\u00e9 de l\u2019\u00e9cran, luminosit\u00e9 lors de la photographie\u2026)<\/p>\n\n\n\n<p>En tout \u00e9tat de cause, la description \u00e9crite du produit pr\u00e9vaut sur le visuel.<\/p>\n\n\n\n<p>Des d\u00e9lais de fabrication sont \u00e0 tenir en compte, ceux-ci sont indiqu\u00e9s sur chaque fiche produit.<\/p>\n\n\n\n<p><strong>3. Passation de commande<\/strong><\/p>\n\n\n\n<p>Les commandes s\u2019effectuent via le site internet&nbsp;<a href=\"https:\/\/www.ateliermellony.com\">www.ateliermellony.com<\/a>&nbsp;par mise au panier, validation et paiement de la commande, ou par t\u00e9l\u00e9phone avec paiement par virement ou ch\u00e8que bancaire.<\/p>\n\n\n\n<p>Lors de la commande en ligne, le Client pourra choisir de se cr\u00e9er ou non un compte client. Le compte Client lui permettra de ne pas avoir \u00e0 r\u00e9 entrer les adresses de facturation et livraison lors d\u2019une prochaine passation de commande. L\u2019enregistrement d\u2019un mot de passe est n\u00e9cessaire. En aucun cas le Vendeur n\u2019aura acc\u00e8s \u00e0 votre mot de passe qui vous est propre et personnel.<\/p>\n\n\n\n<p><strong>4. Prix<\/strong><\/p>\n\n\n\n<p>Les prix indiqu\u00e9s sur le site internet sont exprim\u00e9s en euros (\u20ac).<\/p>\n\n\n\n<p>Les prix s\u2019entendent toutes taxes comprises (TTC).<\/p>\n\n\n\n<p>Les prix sont susceptibles de varier \u00e0 tout moment. En cas de modification du prix entre la validation d\u2019une commande et son payement, ce sont les prix indiqu\u00e9s lors de la commande qui seront factur\u00e9s et dus.<\/p>\n\n\n\n<p><strong>5. Paiements<\/strong><\/p>\n\n\n\n<p>Les r\u00e8glements se font soit en ligne par carte bancaire ou de cr\u00e9dit via la solution s\u00e9curis\u00e9e Paypal (ne n\u00e9cessite pas d\u2019inscription), ou par Apple Pay.<\/p>\n\n\n\n<p>Le paiement est exigible \u00e0 la commande.<\/p>\n\n\n\n<p><strong>Pour les professionnel :<\/strong>&nbsp;les r\u00e8glements sont exigibles sous 8 jours apr\u00e8s d\u00e9livrance de la facture avec versement d&rsquo;un acompte de 30% \u00e0 la commande.<\/p>\n\n\n\n<p>Les cartes bancaires prises en charge sont celles des r\u00e9seaux Carte Bleue, Visa, Eurocard\/MasterCard.&amp; American Express.<\/p>\n\n\n\n<p>Le Vendeur n\u2019aura jamais acc\u00e8s aux donn\u00e9es bancaires du Client.<\/p>\n\n\n\n<p>Le Client garantit \u00eatre pleinement habilit\u00e9 \u00e0 utiliser une carte bancaire. Il garantit \u00e9galement avoir les fonds suffisants pour r\u00e9gler sa commande. <\/p>\n\n\n\n<p>Le Client garantit \u00e9galement qu\u2019il est juridiquement capable de souscrire des contrats concernant les biens et services propos\u00e9s sur le site&nbsp;<a href=\"https:\/\/www.boutdechandelle.fr\/\">www.ateliermellony.com<\/a><\/p>\n\n\n\n<p><strong>6. Livraison<\/strong><\/p>\n\n\n\n<p>Les frais de livraison s&rsquo;\u00e9l\u00e8vent \u00e0 5,90\u20ac et sont offerts pour toute commande de 80\u20ac<\/p>\n\n\n\n<p>Le Client confirme par la validation de sa commande l\u2019exactitude des coordonn\u00e9es transmises. En cas d\u2019erreur ou de manquement dans le libell\u00e9, le Vendeur ne pourra \u00eatre tenu pour responsable en cas de manquement \u00e0 la livraison.&nbsp;<\/p>\n\n\n\n<p>En cas d\u2019erreur dans l\u2019adresse ou le mode de livraison, tout frais de r\u00e9acheminements ou r\u00e9exp\u00e9ditions sont \u00e0 la charge expresse de l\u2019Acheteur.<br>&nbsp;<\/p>\n\n\n\n<p>Une fois les produits pr\u00eats, ils sont emball\u00e9s et exp\u00e9di\u00e9s sous 3 jours (ouvr\u00e9s) sauf cas de force majeure (guerre, inondation,\u2026). A cela s\u2019ajoutent le d\u00e9lai du transporteur pour la livraison. Le Vendeur ne peut \u00eatre tenu pour responsable des retards du colis.<\/p>\n\n\n\n<p>A r\u00e9ception du colis, il appartient au Client de proc\u00e9der \u00e0 la v\u00e9rification de celui-ci et d\u2019\u00e9mettre les r\u00e9serves n\u00e9cessaires en cas probl\u00e8me, au transporteur et aupr\u00e8s du vendeur, dans un d\u00e9lai de 3 jours.<\/p>\n\n\n\n<p><\/p>\n\n\n\n<p><strong>7. Retour<\/strong><\/p>\n\n\n\n<p>Les retours sont accept\u00e9s dans les cas suivants:<\/p>\n\n\n\n<ul class=\"wp-block-list\"><li>Article endommag\u00e9<\/li><li>Le produit ne plait pas<\/li><\/ul>\n\n\n\n<p><\/p>\n\n\n\n<p>Le produit et son emballage doivent \u00eatre en parfait \u00e9tat et ne doivent pas avoir \u00e9t\u00e9 utilis\u00e9s, allum\u00e9s ou port\u00e9s.<\/p>\n\n\n\n<p>Pour toute demande de retour merci de me contacter par mail \u00e0 l&rsquo;adresse suivante: orders@ateliermellony.com en y indiquant votre num\u00e9ro de commande ainsi qu&rsquo;en joignant des photos en cas de produits endommag\u00e9s.<\/p>\n\n\n\n<p>Dans le cas d&rsquo;un article endommag\u00e9, un produit \u00e0 l&rsquo;identique vous sera renvoy\u00e9 sans frais.<\/p>\n\n\n\n<p>Dans le cas d&rsquo;un retour, l&rsquo;exp\u00e9dition \u00e9tant \u00e0 votre charge, les frais engag\u00e9s vous seront rembours\u00e9 sous forme d&rsquo;avoir, sur envoie de justificatif.<\/p>\n\n\n\n<p>Le remboursement se fait sous forme d&rsquo;avoir \u00e0 d\u00e9penser sur le site www.ateliermellony.com<\/p>\n\n\n\n<p>(ex: Vous avez pay\u00e9 4,50\u20ac de frais d&rsquo;envoie pour l&rsquo;\u00e9change d&rsquo;une bougie de 30\u20ac, 34,50\u20ac seront cr\u00e9dit\u00e9s sur votre compte sous forme d&rsquo;avoir.)<\/p>\n\n\n\n<p>Sont exclus des conditions de retours, tous les articles personnalis\u00e9s et\/ou sur mesure.<\/p>\n","protected":false},"excerpt":{"rendered":"<p>Kathleen ENGENAtelier MellonySiret&nbsp;: 81064155500026Si\u00e8ge situ\u00e9 : 13 rue Sainte-Ursule &#8211; 31000 Toulouse \u2013 France M\u00e9tropolitaineE-mail&nbsp;:hello@ateliermellony.comEntreprise non assujettie \u00e0 la TVAD\u00e9claration CNIL N\u00b0 1907030v0Ce site internet a \u00e9t\u00e9 r\u00e9alis\u00e9 en utilisant la solution open-source WordPress.Le site www.ateliermellony.com est h\u00e9berg\u00e9 par la soci\u00e9t\u00e9 OVHSi\u00e8ge social : 2&#8230;<\/p>\n","protected":false},"author":2,"featured_media":0,"parent":0,"menu_order":0,"comment_status":"closed","ping_status":"closed","template":"","meta":{"footnotes":""},"class_list":["post-366","page","type-page","status-publish","hentry"],"jetpack_sharing_enabled":true,"_links":{"self":[{"href":"https:\/\/ateliermellony.com\/index.php\/wp-json\/wp\/v2\/pages\/366","targetHints":{"allow":["GET"]}}],"collection":[{"href":"https:\/\/ateliermellony.com\/index.php\/wp-json\/wp\/v2\/pages"}],"about":[{"href":"https:\/\/ateliermellony.com\/index.php\/wp-json\/wp\/v2\/types\/page"}],"author":[{"embeddable":true,"href":"https:\/\/ateliermellony.com\/index.php\/wp-json\/wp\/v2\/users\/2"}],"replies":[{"embeddable":true,"href":"https:\/\/ateliermellony.com\/index.php\/wp-json\/wp\/v2\/comments?post=366"}],"version-history":[{"count":5,"href":"https:\/\/ateliermellony.com\/index.php\/wp-json\/wp\/v2\/pages\/366\/revisions"}],"predecessor-version":[{"id":652,"href":"https:\/\/ateliermellony.com\/index.php\/wp-json\/wp\/v2\/pages\/366\/revisions\/652"}],"wp:attachment":[{"href":"https:\/\/ateliermellony.com\/index.php\/wp-json\/wp\/v2\/media?parent=366"}],"curies":[{"name":"wp","href":"https:\/\/api.w.org\/{rel}","templated":true}]}}